{"id":1190,"date":"2018-04-10T16:31:59","date_gmt":"2018-04-10T14:31:59","guid":{"rendered":"https:\/\/raimeux.org\/?page_id=1190"},"modified":"2019-02-10T09:58:31","modified_gmt":"2019-02-10T08:58:31","slug":"entdecken-sie-die-region-von-raimeux","status":"publish","type":"page","link":"https:\/\/raimeux.org\/de\/entdecken-sie-die-region-von-raimeux\/","title":{"rendered":"Entdecken Sie die Region vom Raimeux."},"content":{"rendered":"<p><a href=\"https:\/\/raimeux.org\/wp-content\/uploads\/2018\/04\/Carte_Raimeux-Loisirs-Jura.jpg\" rel=\"lightbox[1190]\"><img loading=\"lazy\" decoding=\"async\" class=\"alignnone size-full wp-image-1145 lazyload\" data-src=\"https:\/\/raimeux.org\/wp-content\/uploads\/2018\/04\/Carte_Raimeux-Loisirs-Jura.jpg\" alt=\"\" width=\"1110\" height=\"783\" data-srcset=\"https:\/\/raimeux.org\/wp-content\/uploads\/2018\/04\/Carte_Raimeux-Loisirs-Jura.jpg 3600w, https:\/\/raimeux.org\/wp-content\/uploads\/2018\/04\/Carte_Raimeux-Loisirs-Jura-300x212.jpg 300w, https:\/\/raimeux.org\/wp-content\/uploads\/2018\/04\/Carte_Raimeux-Loisirs-Jura-768x542.jpg 768w, https:\/\/raimeux.org\/wp-content\/uploads\/2018\/04\/Carte_Raimeux-Loisirs-Jura-1024x722.jpg 1024w\" data-sizes=\"auto, (max-width: 1110px) 100vw, 1110px\" src=\"data:image\/gif;base64,R0lGODlhAQABAAAAACH5BAEKAAEALAAAAAABAAEAAAICTAEAOw==\" style=\"--smush-placeholder-width: 1110px; --smush-placeholder-aspect-ratio: 1110\/783;\" \/><noscript><img loading=\"lazy\" decoding=\"async\" class=\"alignnone size-full wp-image-1145\" src=\"https:\/\/raimeux.org\/wp-content\/uploads\/2018\/04\/Carte_Raimeux-Loisirs-Jura.jpg\" alt=\"\" width=\"1110\" height=\"783\" srcset=\"https:\/\/raimeux.org\/wp-content\/uploads\/2018\/04\/Carte_Raimeux-Loisirs-Jura.jpg 3600w, https:\/\/raimeux.org\/wp-content\/uploads\/2018\/04\/Carte_Raimeux-Loisirs-Jura-300x212.jpg 300w, https:\/\/raimeux.org\/wp-content\/uploads\/2018\/04\/Carte_Raimeux-Loisirs-Jura-768x542.jpg 768w, https:\/\/raimeux.org\/wp-content\/uploads\/2018\/04\/Carte_Raimeux-Loisirs-Jura-1024x722.jpg 1024w\" sizes=\"auto, (max-width: 1110px) 100vw, 1110px\" \/><\/noscript><\/a><\/p>\n<p>&nbsp;<\/p>\n<p>Die Region Raimeux ist reich an Freizeitaktivit\u00e4ten und Sehensw\u00fcrdigkeiten und ideal f\u00fcr touristische Entdeckungen. Abseits des direkten Weges von <a href=\"http:\/\/www.moutier.ch\/\" target=\"_blank\" rel=\"noopener\">Moutier<\/a>\u00a0nach\u00a0<a href=\"http:\/\/www.delemont.ch\/\" target=\"_blank\" rel=\"noopener\">Del\u00e9mont <\/a>k\u00f6nnen Sie im <a href=\"http:\/\/www.val-terbi.ch\/\" target=\"_blank\" rel=\"noopener\">Val Terbi<\/a>\u00a0(<a href=\"http:\/\/www.courrendlin.ch\" target=\"_blank\" rel=\"noopener\">Courrendlin,<\/a> Vicques, <a href=\"https:\/\/www.courroux.ch\" target=\"_blank\" rel=\"noopener\">Courroux-Courcelon<\/a>, <a href=\"http:\/\/www.courchapoix.ch\/cpx\/\" target=\"_blank\" rel=\"noopener\">Courchapoix<\/a>, Montsevelier, <a href=\"https:\/\/mervelier.ch\" target=\"_blank\" rel=\"noopener\">Mervelier<\/a>, Corban, Vermes, <a href=\"http:\/\/www.provalterbi.ch\/spip\/spip.php?article123\" target=\"_blank\" rel=\"noopener\">Envelier<\/a>), und dem vall\u00e9e du Cornet (<a href=\"http:\/\/eschert.ch\" target=\"_blank\" rel=\"noopener\">Eschert,<\/a> <a href=\"https:\/\/www.belprahon.ch\" target=\"_blank\" rel=\"noopener\">Belprahon<\/a>, <a href=\"https:\/\/www.grandval.ch\" target=\"_blank\" rel=\"noopener\">Grandval<\/a>, <a href=\"http:\/\/www.cremines.ch\" target=\"_blank\" rel=\"noopener\">Cr\u00e9mines<\/a> und\u00a0<a href=\"http:\/\/www.corcelles-be.ch\/wp\/\" target=\"_blank\" rel=\"noopener\">Corcelles<\/a>),\u00a0am Fusse des Mont Raimeux \u00fcber 30 Top-Aktivit\u00e4ten entdecken.\u00a0Ob mit der Familie, Kindern oder in der Gruppe, Raimeux hat Ihnen vieles zu bieten: Wanderungen, Spazierg\u00e4nge, Mountainbike- und Velotouren, Restaurants, gef\u00fchrte Rundg\u00e4nge, Klettern, Skifahren, Streichelzoos, Natur, Ferienerlebnisse, Wochenendausfl\u00fcge, atemberaubende Aussichten, Grotten, Reitspass, Workshops, Museen, Ausstellungen und \u00dcbernachtungen in Ferienh\u00e4usern, G\u00e4stezimmern, Hotels und Schlafen im Stroh.<\/p>\n<p><strong>Mehr Info:<\/strong><\/p>\n<ul>\n<li><a href=\"https:\/\/www.juratourisme.ch\/fr\/accueil.html\" target=\"_blank\" rel=\"noopener\">Jura<\/a><\/li>\n<li><a href=\"https:\/\/www.jurabernois.ch\" target=\"_blank\" rel=\"noopener\">Berner Jura<\/a><\/li>\n<\/ul>\n<p><span style=\"border-top-left-radius: 2px; border-top-right-radius: 2px; border-bottom-right-radius: 2px; border-bottom-left-radius: 2px; text-indent: 20px; width: auto; padding: 0px 4px 0px 0px; text-align: center; font-style: normal; font-variant-caps: normal; font-weight: bold; font-size: 11px; line-height: 20px; font-family: 'Helvetica Neue', Helvetica, sans-serif; color: #ffffff; background-image: url(data:image\/svg+xml; base64,phn2zyb4bwxucz0iahr0cdovl3d3dy53my5vcmcvmjawmc9zdmciighlawdodd0imzbwecigd2lkdgg9ijmwchgiihzpzxdcb3g9ii0xic0xidmxidmxij48zz48cgf0acbkpsjnmjkundq5lde0ljy2mibdmjkundq5ldiyljcymiaymi44njgsmjkumju2ide0ljc1ldi5lji1nibdni42mzismjkumju2idaumduxldiyljcymiawlja1mswxnc42njigqzaumduxldyunjaxidyunjmyldaumdy3ide0ljc1ldaumdy3iemymi44njgsmc4wnjcgmjkundq5ldyunjaxidi5ljq0oswxnc42njiiigzpbgw9iinmzmyiihn0cm9rzt0ii2zmziigc3ryb2tllxdpzhropsixij48l3bhdgg+phbhdgggzd0itte0ljczmywxljy4nibdny41mtysms42odygms42njusny40otugms42njusmtqunjyyiemxljy2nswymc4xntkgns4xmdksmjquodu0idkuotcsmjyunzq0iem5ljg1niwyns43mtggos43ntmsmjqumtqzidewljaxniwymy4wmjigqzewlji1mywymi4wmsaxms41ndgsmtyuntcyidexlju0ocwxni41nzigqzexlju0ocwxni41nzigmteumtu3lde1ljc5nsaxms4xntcsmtqunjq2iemxms4xntcsmtiuodqyideyljixmswxms40otugmtmuntiyldexljq5nsbdmtqunjm3ldexljq5nsaxns4xnzusmtiumzi2ide1lje3nswxmy4zmjmgqze1lje3nswxnc40mzygmtqundyylde2ljegmtqumdkzlde3ljy0mybdmtmunzg1lde4ljkznsaxnc43ndusmtkuotg4ide2ljayocwxos45odggqze4ljm1mswxos45odggmjaumtm2lde3lju1niaymc4xmzysmtqumdq2iemymc4xmzysmtauotm5ide3ljg4ocw4ljc2nyaxnc42nzgsoc43njcgqzewljk1osw4ljc2nya4ljc3nywxms41mzygoc43nzcsmtqumzk4iem4ljc3nywxns41mtmgos4ymswxni43mdkgos43ndksmtcumzu5iem5ljg1niwxny40odggos44nzismtcunia5ljg0lde3ljczmsbdos43ndesmtgumtqxidkuntismtkumdizidkundc3lde5ljiwmybdos40miwxos40nca5lji4ocwxos40otegos4wncwxos4znzygqzcunda4lde4ljyymia2ljm4nywxni4yntigni4zodcsmtqumzq5iem2ljm4nywxmc4yntygos4zodmsni40otcgmtuumdiyldyundk3iemxos41ntusni40otcgmjmumdc4ldkunza1idizlja3ocwxmy45otegqzizlja3ocwxoc40njmgmjaumjm5ldiylja2miaxni4yotcsmjiumdyyiemxnc45nzmsmjiumdyyidezljcyocwyms4znzkgmtmumzayldiwlju3mibdmtmumzayldiwlju3miaxmi42ndcsmjmumdugmtiundg4ldizljy1nybdmtiumtkzldi0ljc4ncaxms4zotysmjyumtk2idewljg2mywyny4wntggqzeylja4niwyny40mzqgmtmumzg2ldi3ljyznyaxnc43mzmsmjcunjm3iemyms45nswyny42mzcgmjcuodaxldixljgyocayny44mdesmtqunjyyiemyny44mdesny40otugmjeuotusms42odygmtqunzmzldeunjg2iibmawxspsijymqwodfjij48l3bhdgg+pc9npjwvc3znpg==); background-size: 14px 14px; background-color: #bd081c; position: absolute; opacity: 1; z-index: 8675309; display: none; cursor: pointer; border: none; -webkit-font-smoothing: antialiased; top: 36px; left: 20px; background-position: 3px 50%; background-repeat: no-repeat no-repeat;\">Enregistrer<\/span><span style=\"border-top-left-radius: 2px; border-top-right-radius: 2px; border-bottom-right-radius: 2px; border-bottom-left-radius: 2px; text-indent: 20px; width: auto; padding: 0px 4px 0px 0px; text-align: center; font-style: normal; font-variant-caps: normal; font-weight: bold; font-size: 11px; line-height: 20px; font-family: 'Helvetica Neue', Helvetica, sans-serif; color: #ffffff; background-image: url(data:image\/svg+xml; base64,phn2zyb4bwxucz0iahr0cdovl3d3dy53my5vcmcvmjawmc9zdmciighlawdodd0imzbwecigd2lkdgg9ijmwchgiihzpzxdcb3g9ii0xic0xidmxidmxij48zz48cgf0acbkpsjnmjkundq5lde0ljy2mibdmjkundq5ldiyljcymiaymi44njgsmjkumju2ide0ljc1ldi5lji1nibdni42mzismjkumju2idaumduxldiyljcymiawlja1mswxnc42njigqzaumduxldyunjaxidyunjmyldaumdy3ide0ljc1ldaumdy3iemymi44njgsmc4wnjcgmjkundq5ldyunjaxidi5ljq0oswxnc42njiiigzpbgw9iinmzmyiihn0cm9rzt0ii2zmziigc3ryb2tllxdpzhropsixij48l3bhdgg+phbhdgggzd0itte0ljczmywxljy4nibdny41mtysms42odygms42njusny40otugms42njusmtqunjyyiemxljy2nswymc4xntkgns4xmdksmjquodu0idkuotcsmjyunzq0iem5ljg1niwyns43mtggos43ntmsmjqumtqzidewljaxniwymy4wmjigqzewlji1mywymi4wmsaxms41ndgsmtyuntcyidexlju0ocwxni41nzigqzexlju0ocwxni41nzigmteumtu3lde1ljc5nsaxms4xntcsmtqunjq2iemxms4xntcsmtiuodqyideyljixmswxms40otugmtmuntiyldexljq5nsbdmtqunjm3ldexljq5nsaxns4xnzusmtiumzi2ide1lje3nswxmy4zmjmgqze1lje3nswxnc40mzygmtqundyylde2ljegmtqumdkzlde3ljy0mybdmtmunzg1lde4ljkznsaxnc43ndusmtkuotg4ide2ljayocwxos45odggqze4ljm1mswxos45odggmjaumtm2lde3lju1niaymc4xmzysmtqumdq2iemymc4xmzysmtauotm5ide3ljg4ocw4ljc2nyaxnc42nzgsoc43njcgqzewljk1osw4ljc2nya4ljc3nywxms41mzygoc43nzcsmtqumzk4iem4ljc3nywxns41mtmgos4ymswxni43mdkgos43ndksmtcumzu5iem5ljg1niwxny40odggos44nzismtcunia5ljg0lde3ljczmsbdos43ndesmtgumtqxidkuntismtkumdizidkundc3lde5ljiwmybdos40miwxos40nca5lji4ocwxos40otegos4wncwxos4znzygqzcunda4lde4ljyymia2ljm4nywxni4yntigni4zodcsmtqumzq5iem2ljm4nywxmc4yntygos4zodmsni40otcgmtuumdiyldyundk3iemxos41ntusni40otcgmjmumdc4ldkunza1idizlja3ocwxmy45otegqzizlja3ocwxoc40njmgmjaumjm5ldiylja2miaxni4yotcsmjiumdyyiemxnc45nzmsmjiumdyyidezljcyocwyms4znzkgmtmumzayldiwlju3mibdmtmumzayldiwlju3miaxmi42ndcsmjmumdugmtiundg4ldizljy1nybdmtiumtkzldi0ljc4ncaxms4zotysmjyumtk2idewljg2mywyny4wntggqzeylja4niwyny40mzqgmtmumzg2ldi3ljyznyaxnc43mzmsmjcunjm3iemyms45nswyny42mzcgmjcuodaxldixljgyocayny44mdesmtqunjyyiemyny44mdesny40otugmjeuotusms42odygmtqunzmzldeunjg2iibmawxspsijymqwodfjij48l3bhdgg+pc9npjwvc3znpg==); background-size: 14px 14px; background-color: #bd081c; position: absolute; opacity: 1; z-index: 8675309; display: none; cursor: pointer; border: none; -webkit-font-smoothing: antialiased; top: 36px; left: 20px; background-position: 3px 50%; background-repeat: no-repeat no-repeat;\">Enregistrer<\/span><\/p>\n","protected":false},"excerpt":{"rendered":"<p>&nbsp; Die Region Raimeux ist reich an Freizeitaktivit\u00e4ten und Sehensw\u00fcrdigkeiten und ideal f\u00fcr touristische Entdeckungen. Abseits des direkten Weges von Moutier\u00a0nach\u00a0Del\u00e9mont k\u00f6nnen Sie im Val Terbi\u00a0(Courrendlin, Vicques, Courroux-Courcelon, Courchapoix, Montsevelier, Mervelier, Corban, Vermes, Envelier), und dem vall\u00e9e du Cornet (Eschert, Belprahon, Grandval, Cr\u00e9mines und\u00a0Corcelles),\u00a0am Fusse des Mont Raimeux \u00fcber 30 Top-Aktivit\u00e4ten entdecken.\u00a0Ob mit der Familie, [&hellip;]<\/p>\n","protected":false},"author":1,"featured_media":0,"parent":0,"menu_order":0,"comment_status":"closed","ping_status":"closed","template":"","meta":{"_acf_changed":false,"footnotes":""},"class_list":["post-1190","page","type-page","status-publish","hentry"],"acf":[],"_links":{"self":[{"href":"https:\/\/raimeux.org\/de\/wp-json\/wp\/v2\/pages\/1190","targetHints":{"allow":["GET"]}}],"collection":[{"href":"https:\/\/raimeux.org\/de\/wp-json\/wp\/v2\/pages"}],"about":[{"href":"https:\/\/raimeux.org\/de\/wp-json\/wp\/v2\/types\/page"}],"author":[{"embeddable":true,"href":"https:\/\/raimeux.org\/de\/wp-json\/wp\/v2\/users\/1"}],"replies":[{"embeddable":true,"href":"https:\/\/raimeux.org\/de\/wp-json\/wp\/v2\/comments?post=1190"}],"version-history":[{"count":5,"href":"https:\/\/raimeux.org\/de\/wp-json\/wp\/v2\/pages\/1190\/revisions"}],"predecessor-version":[{"id":2064,"href":"https:\/\/raimeux.org\/de\/wp-json\/wp\/v2\/pages\/1190\/revisions\/2064"}],"wp:attachment":[{"href":"https:\/\/raimeux.org\/de\/wp-json\/wp\/v2\/media?parent=1190"}],"curies":[{"name":"wp","href":"https:\/\/api.w.org\/{rel}","templated":true}]}}

<p><a href="https://raimeux.org/wp-content/uploads/2018/04/Carte_Raimeux-Loisirs-Jura.jpg" rel="lightbox[1190]"><img loading="lazy" decoding="async" class="alignnone size-full wp-image-1145 lazyload" data-src="https://raimeux.org/wp-content/uploads/2018/04/Carte_Raimeux-Loisirs-Jura.jpg" alt="" width="1110" height="783" data-srcset="https://raimeux.org/wp-content/uploads/2018/04/Carte_Raimeux-Loisirs-Jura.jpg 3600w, https://raimeux.org/wp-content/uploads/2018/04/Carte_Raimeux-Loisirs-Jura-300x212.jpg 300w, https://raimeux.org/wp-content/uploads/2018/04/Carte_Raimeux-Loisirs-Jura-768x542.jpg 768w, https://raimeux.org/wp-content/uploads/2018/04/Carte_Raimeux-Loisirs-Jura-1024x722.jpg 1024w" data-sizes="auto, (max-width: 1110px) 100vw, 1110px" src="data:image/gif;base64,R0lGODlhAQABAAAAACH5BAEKAAEALAAAAAABAAEAAAICTAEAOw==" style="--smush-placeholder-width: 1110px; --smush-placeholder-aspect-ratio: 1110/783;" /><noscript><img loading="lazy" decoding="async" class="alignnone size-full wp-image-1145" src="https://raimeux.org/wp-content/uploads/2018/04/Carte_Raimeux-Loisirs-Jura.jpg" alt="" width="1110" height="783" srcset="https://raimeux.org/wp-content/uploads/2018/04/Carte_Raimeux-Loisirs-Jura.jpg 3600w, https://raimeux.org/wp-content/uploads/2018/04/Carte_Raimeux-Loisirs-Jura-300x212.jpg 300w, https://raimeux.org/wp-content/uploads/2018/04/Carte_Raimeux-Loisirs-Jura-768x542.jpg 768w, https://raimeux.org/wp-content/uploads/2018/04/Carte_Raimeux-Loisirs-Jura-1024x722.jpg 1024w" sizes="auto, (max-width: 1110px) 100vw, 1110px" /></noscript></a></p>
<p>&nbsp;</p>
<p>Die Region Raimeux ist reich an Freizeitaktivitäten und Sehenswürdigkeiten und ideal für touristische Entdeckungen. Abseits des direkten Weges von <a href="http://www.moutier.ch/" target="_blank" rel="noopener">Moutier</a> nach <a href="http://www.delemont.ch/" target="_blank" rel="noopener">Delémont </a>können Sie im <a href="http://www.val-terbi.ch/" target="_blank" rel="noopener">Val Terbi</a> (<a href="http://www.courrendlin.ch" target="_blank" rel="noopener">Courrendlin,</a> Vicques, <a href="https://www.courroux.ch" target="_blank" rel="noopener">Courroux-Courcelon</a>, <a href="http://www.courchapoix.ch/cpx/" target="_blank" rel="noopener">Courchapoix</a>, Montsevelier, <a href="https://mervelier.ch" target="_blank" rel="noopener">Mervelier</a>, Corban, Vermes, <a href="http://www.provalterbi.ch/spip/spip.php?article123" target="_blank" rel="noopener">Envelier</a>), und dem vallée du Cornet (<a href="http://eschert.ch" target="_blank" rel="noopener">Eschert,</a> <a href="https://www.belprahon.ch" target="_blank" rel="noopener">Belprahon</a>, <a href="https://www.grandval.ch" target="_blank" rel="noopener">Grandval</a>, <a href="http://www.cremines.ch" target="_blank" rel="noopener">Crémines</a> und <a href="http://www.corcelles-be.ch/wp/" target="_blank" rel="noopener">Corcelles</a>), am Fusse des Mont Raimeux über 30 Top-Aktivitäten entdecken. Ob mit der Familie, Kindern oder in der Gruppe, Raimeux hat Ihnen vieles zu bieten: Wanderungen, Spaziergänge, Mountainbike- und Velotouren, Restaurants, geführte Rundgänge, Klettern, Skifahren, Streichelzoos, Natur, Ferienerlebnisse, Wochenendausflüge, atemberaubende Aussichten, Grotten, Reitspass, Workshops, Museen, Ausstellungen und Übernachtungen in Ferienhäusern, Gästezimmern, Hotels und Schlafen im Stroh.</p>
<p><strong>Mehr Info:</strong></p>
<ul>
<li><a href="https://www.juratourisme.ch/fr/accueil.html" target="_blank" rel="noopener">Jura</a></li>
<li><a href="https://www.jurabernois.ch" target="_blank" rel="noopener">Berner Jura</a></li>
</ul>
<p><span style="border-top-left-radius: 2px; border-top-right-radius: 2px; border-bottom-right-radius: 2px; border-bottom-left-radius: 2px; text-indent: 20px; width: auto; padding: 0px 4px 0px 0px; text-align: center; font-style: normal; font-variant-caps: normal; font-weight: bold; font-size: 11px; line-height: 20px; font-family: 'Helvetica Neue', Helvetica, sans-serif; color: #ffffff; background-image: url(data:image/svg+xml; base64,phn2zyb4bwxucz0iahr0cdovl3d3dy53my5vcmcvmjawmc9zdmciighlawdodd0imzbwecigd2lkdgg9ijmwchgiihzpzxdcb3g9ii0xic0xidmxidmxij48zz48cgf0acbkpsjnmjkundq5lde0ljy2mibdmjkundq5ldiyljcymiaymi44njgsmjkumju2ide0ljc1ldi5lji1nibdni42mzismjkumju2idaumduxldiyljcymiawlja1mswxnc42njigqzaumduxldyunjaxidyunjmyldaumdy3ide0ljc1ldaumdy3iemymi44njgsmc4wnjcgmjkundq5ldyunjaxidi5ljq0oswxnc42njiiigzpbgw9iinmzmyiihn0cm9rzt0ii2zmziigc3ryb2tllxdpzhropsixij48l3bhdgg+phbhdgggzd0itte0ljczmywxljy4nibdny41mtysms42odygms42njusny40otugms42njusmtqunjyyiemxljy2nswymc4xntkgns4xmdksmjquodu0idkuotcsmjyunzq0iem5ljg1niwyns43mtggos43ntmsmjqumtqzidewljaxniwymy4wmjigqzewlji1mywymi4wmsaxms41ndgsmtyuntcyidexlju0ocwxni41nzigqzexlju0ocwxni41nzigmteumtu3lde1ljc5nsaxms4xntcsmtqunjq2iemxms4xntcsmtiuodqyideyljixmswxms40otugmtmuntiyldexljq5nsbdmtqunjm3ldexljq5nsaxns4xnzusmtiumzi2ide1lje3nswxmy4zmjmgqze1lje3nswxnc40mzygmtqundyylde2ljegmtqumdkzlde3ljy0mybdmtmunzg1lde4ljkznsaxnc43ndusmtkuotg4ide2ljayocwxos45odggqze4ljm1mswxos45odggmjaumtm2lde3lju1niaymc4xmzysmtqumdq2iemymc4xmzysmtauotm5ide3ljg4ocw4ljc2nyaxnc42nzgsoc43njcgqzewljk1osw4ljc2nya4ljc3nywxms41mzygoc43nzcsmtqumzk4iem4ljc3nywxns41mtmgos4ymswxni43mdkgos43ndksmtcumzu5iem5ljg1niwxny40odggos44nzismtcunia5ljg0lde3ljczmsbdos43ndesmtgumtqxidkuntismtkumdizidkundc3lde5ljiwmybdos40miwxos40nca5lji4ocwxos40otegos4wncwxos4znzygqzcunda4lde4ljyymia2ljm4nywxni4yntigni4zodcsmtqumzq5iem2ljm4nywxmc4yntygos4zodmsni40otcgmtuumdiyldyundk3iemxos41ntusni40otcgmjmumdc4ldkunza1idizlja3ocwxmy45otegqzizlja3ocwxoc40njmgmjaumjm5ldiylja2miaxni4yotcsmjiumdyyiemxnc45nzmsmjiumdyyidezljcyocwyms4znzkgmtmumzayldiwlju3mibdmtmumzayldiwlju3miaxmi42ndcsmjmumdugmtiundg4ldizljy1nybdmtiumtkzldi0ljc4ncaxms4zotysmjyumtk2idewljg2mywyny4wntggqzeylja4niwyny40mzqgmtmumzg2ldi3ljyznyaxnc43mzmsmjcunjm3iemyms45nswyny42mzcgmjcuodaxldixljgyocayny44mdesmtqunjyyiemyny44mdesny40otugmjeuotusms42odygmtqunzmzldeunjg2iibmawxspsijymqwodfjij48l3bhdgg+pc9npjwvc3znpg==); background-size: 14px 14px; background-color: #bd081c; position: absolute; opacity: 1; z-index: 8675309; display: none; cursor: pointer; border: none; -webkit-font-smoothing: antialiased; top: 36px; left: 20px; background-position: 3px 50%; background-repeat: no-repeat no-repeat;">Enregistrer</span><span style="border-top-left-radius: 2px; border-top-right-radius: 2px; border-bottom-right-radius: 2px; border-bottom-left-radius: 2px; text-indent: 20px; width: auto; padding: 0px 4px 0px 0px; text-align: center; font-style: normal; font-variant-caps: normal; font-weight: bold; font-size: 11px; line-height: 20px; font-family: 'Helvetica Neue', Helvetica, sans-serif; color: #ffffff; background-image: url(data:image/svg+xml; base64,phn2zyb4bwxucz0iahr0cdovl3d3dy53my5vcmcvmjawmc9zdmciighlawdodd0imzbwecigd2lkdgg9ijmwchgiihzpzxdcb3g9ii0xic0xidmxidmxij48zz48cgf0acbkpsjnmjkundq5lde0ljy2mibdmjkundq5ldiyljcymiaymi44njgsmjkumju2ide0ljc1ldi5lji1nibdni42mzismjkumju2idaumduxldiyljcymiawlja1mswxnc42njigqzaumduxldyunjaxidyunjmyldaumdy3ide0ljc1ldaumdy3iemymi44njgsmc4wnjcgmjkundq5ldyunjaxidi5ljq0oswxnc42njiiigzpbgw9iinmzmyiihn0cm9rzt0ii2zmziigc3ryb2tllxdpzhropsixij48l3bhdgg+phbhdgggzd0itte0ljczmywxljy4nibdny41mtysms42odygms42njusny40otugms42njusmtqunjyyiemxljy2nswymc4xntkgns4xmdksmjquodu0idkuotcsmjyunzq0iem5ljg1niwyns43mtggos43ntmsmjqumtqzidewljaxniwymy4wmjigqzewlji1mywymi4wmsaxms41ndgsmtyuntcyidexlju0ocwxni41nzigqzexlju0ocwxni41nzigmteumtu3lde1ljc5nsaxms4xntcsmtqunjq2iemxms4xntcsmtiuodqyideyljixmswxms40otugmtmuntiyldexljq5nsbdmtqunjm3ldexljq5nsaxns4xnzusmtiumzi2ide1lje3nswxmy4zmjmgqze1lje3nswxnc40mzygmtqundyylde2ljegmtqumdkzlde3ljy0mybdmtmunzg1lde4ljkznsaxnc43ndusmtkuotg4ide2ljayocwxos45odggqze4ljm1mswxos45odggmjaumtm2lde3lju1niaymc4xmzysmtqumdq2iemymc4xmzysmtauotm5ide3ljg4ocw4ljc2nyaxnc42nzgsoc43njcgqzewljk1osw4ljc2nya4ljc3nywxms41mzygoc43nzcsmtqumzk4iem4ljc3nywxns41mtmgos4ymswxni43mdkgos43ndksmtcumzu5iem5ljg1niwxny40odggos44nzismtcunia5ljg0lde3ljczmsbdos43ndesmtgumtqxidkuntismtkumdizidkundc3lde5ljiwmybdos40miwxos40nca5lji4ocwxos40otegos4wncwxos4znzygqzcunda4lde4ljyymia2ljm4nywxni4yntigni4zodcsmtqumzq5iem2ljm4nywxmc4yntygos4zodmsni40otcgmtuumdiyldyundk3iemxos41ntusni40otcgmjmumdc4ldkunza1idizlja3ocwxmy45otegqzizlja3ocwxoc40njmgmjaumjm5ldiylja2miaxni4yotcsmjiumdyyiemxnc45nzmsmjiumdyyidezljcyocwyms4znzkgmtmumzayldiwlju3mibdmtmumzayldiwlju3miaxmi42ndcsmjmumdugmtiundg4ldizljy1nybdmtiumtkzldi0ljc4ncaxms4zotysmjyumtk2idewljg2mywyny4wntggqzeylja4niwyny40mzqgmtmumzg2ldi3ljyznyaxnc43mzmsmjcunjm3iemyms45nswyny42mzcgmjcuodaxldixljgyocayny44mdesmtqunjyyiemyny44mdesny40otugmjeuotusms42odygmtqunzmzldeunjg2iibmawxspsijymqwodfjij48l3bhdgg+pc9npjwvc3znpg==); background-size: 14px 14px; background-color: #bd081c; position: absolute; opacity: 1; z-index: 8675309; display: none; cursor: pointer; border: none; -webkit-font-smoothing: antialiased; top: 36px; left: 20px; background-position: 3px 50%; background-repeat: no-repeat no-repeat;">Enregistrer</span></p>

<p>&nbsp; Die Region Raimeux ist reich an Freizeitaktivitäten und Sehenswürdigkeiten und ideal für touristische Entdeckungen. Abseits des direkten Weges von Moutier nach Delémont können Sie im Val Terbi (Courrendlin, Vicques, Courroux-Courcelon, Courchapoix, Montsevelier, Mervelier, Corban, Vermes, Envelier), und dem vallée du Cornet (Eschert, Belprahon, Grandval, Crémines und Corcelles), am Fusse des Mont Raimeux über 30 Top-Aktivitäten entdecken. Ob mit der Familie, [&hellip;]</p>
