{"id":2534,"date":"2019-07-24T16:02:47","date_gmt":"2019-07-24T14:02:47","guid":{"rendered":"http:\/\/dev.raimeux.org\/?post_type=parcours&#038;p=2534"},"modified":"2026-04-29T15:20:13","modified_gmt":"2026-04-29T13:20:13","slug":"plateformes-moutier","status":"publish","type":"parcours","link":"https:\/\/raimeux.org\/de\/parcours\/plateformes-moutier\/","title":{"rendered":"Les Plateformes"},"content":{"rendered":"\r\n<ul class=\"wp-block-list\">\r\n<li><strong>D\u00e9part:\u00a0<\/strong>depuis la gare de Moutier (pr\u00e9voir un d\u00e9part vers les 8 heures)<\/li>\r\n<li>En route pour 6 km de mont\u00e9e jusqu\u2019au Chalet des Amis de la Nature pour prendre le verre de l\u2019amiti\u00e9, le week-end uniquement, avec gardiennage (env. 2 h 30 de marche)<\/li>\r\n<li>Puis direction le restaurant de Karin et Hans Rohrer (Raimeux de Cr\u00e9mines) pour 3 km de marche au plat, par la cr\u00eate (env. 1 h)<\/li>\r\n<li>Apr\u00e8s le repas, descente \u00e0 Cr\u00e9mines par la charri\u00e8re de Cr\u00e9mines (sentier\u00a0botanique\u00a0 ou le magnifique sentier du Gorevirat &#8211; 5 km de descente<\/li>\r\n<li>Petite d\u00e9tente au wellness Aquavirat \u00e0 Cr\u00e9mines, pour ensuite aller visiter le Banneret Wisard \u00e0 Grandval(sur r\u00e9servation)\u00a0&#8211; 1 km au plat\u00a0<\/li>\r\n<li><strong>Infos utiles:<\/strong>\r\n<ul>\r\n<li>Le seul passage l\u00e9g\u00e8rement technique est la mont\u00e9e des plateformes (aucun soucis avec des enfants)<\/li>\r\n<li>D\u00e9couvrez comment rejoindre notre r\u00e9gion?<\/li>\r\n<\/ul>\r\n<\/li>\r\n<li><strong>Activit\u00e9s possibles aux alentours:<\/strong>\r\n<ul>\r\n<li>Rejoindre le parc naturel de Thal (<a href=\"https:\/\/www.naturparkthal.ch\/\">https:\/\/www.naturparkthal.ch<\/a>)<\/li>\r\n<li>Possibilit\u00e9 de dormir \u00e0 La Ruine\u00a0du Moujik (Grandval) ou en ville de Moutier<\/li>\r\n<li>Le zoo Sikypark est \u00e0 2 km de Cr\u00e9mines<\/li>\r\n<li>Visite des \u00e9tangs de Grandval (r\u00e9serve naturelle)<\/li>\r\n<li>En hiver et si la neige est au rendez-vous, petit d\u00e9tour au t\u00e9l\u00e9ski de Grandval<\/li>\r\n<li>Visite de l\u2019ancienne forge Le Martinet \u00e0 Corcelles (histoire du fer et exposition de fossiles de la r\u00e9gion)<\/li>\r\n<\/ul>\r\n<\/li>\r\n<\/ul>\r\n","protected":false},"author":2,"featured_media":0,"template":"","class_list":["post-2534","parcours","type-parcours","status-publish","hentry"],"acf":[],"_links":{"self":[{"href":"https:\/\/raimeux.org\/de\/wp-json\/wp\/v2\/parcours\/2534","targetHints":{"allow":["GET"]}}],"collection":[{"href":"https:\/\/raimeux.org\/de\/wp-json\/wp\/v2\/parcours"}],"about":[{"href":"https:\/\/raimeux.org\/de\/wp-json\/wp\/v2\/types\/parcours"}],"author":[{"embeddable":true,"href":"https:\/\/raimeux.org\/de\/wp-json\/wp\/v2\/users\/2"}],"version-history":[{"count":8,"href":"https:\/\/raimeux.org\/de\/wp-json\/wp\/v2\/parcours\/2534\/revisions"}],"predecessor-version":[{"id":6925,"href":"https:\/\/raimeux.org\/de\/wp-json\/wp\/v2\/parcours\/2534\/revisions\/6925"}],"wp:attachment":[{"href":"https:\/\/raimeux.org\/de\/wp-json\/wp\/v2\/media?parent=2534"}],"curies":[{"name":"wp","href":"https:\/\/api.w.org\/{rel}","templated":true}]}}

<ul class="wp-block-list">
<li><strong>Départ: </strong>depuis la gare de Moutier (prévoir un départ vers les 8 heures)</li>
<li>En route pour 6 km de montée jusqu’au Chalet des Amis de la Nature pour prendre le verre de l’amitié, le week-end uniquement, avec gardiennage (env. 2 h 30 de marche)</li>
<li>Puis direction le restaurant de Karin et Hans Rohrer (Raimeux de Crémines) pour 3 km de marche au plat, par la crête (env. 1 h)</li>
<li>Après le repas, descente à Crémines par la charrière de Crémines (sentier botanique  ou le magnifique sentier du Gorevirat &#8211; 5 km de descente</li>
<li>Petite détente au wellness Aquavirat à Crémines, pour ensuite aller visiter le Banneret Wisard à Grandval(sur réservation) &#8211; 1 km au plat </li>
<li><strong>Infos utiles:</strong>
<ul>
<li>Le seul passage légèrement technique est la montée des plateformes (aucun soucis avec des enfants)</li>
<li>Découvrez comment rejoindre notre région?</li>
</ul>
</li>
<li><strong>Activités possibles aux alentours:</strong>
<ul>
<li>Rejoindre le parc naturel de Thal (<a href="https://www.naturparkthal.ch/">https://www.naturparkthal.ch</a>)</li>
<li>Possibilité de dormir à La Ruine du Moujik (Grandval) ou en ville de Moutier</li>
<li>Le zoo Sikypark est à 2 km de Crémines</li>
<li>Visite des étangs de Grandval (réserve naturelle)</li>
<li>En hiver et si la neige est au rendez-vous, petit détour au téléski de Grandval</li>
<li>Visite de l’ancienne forge Le Martinet à Corcelles (histoire du fer et exposition de fossiles de la région)</li>
</ul>
</li>
</ul>
