{"id":1172,"date":"2017-04-25T13:49:40","date_gmt":"2017-04-25T11:49:40","guid":{"rendered":"https:\/\/raimeux.org\/loisirs\/accompagnateurs-du-jura\/"},"modified":"2018-05-09T18:12:45","modified_gmt":"2018-05-09T16:12:45","slug":"accompagnateurs-du-jura","status":"publish","type":"prestataire","link":"https:\/\/raimeux.org\/de\/freizeit\/accompagnateurs-du-jura\/","title":{"rendered":"Wanderf\u00fchrer im Jura"},"content":{"rendered":"<p>Entdecken Sie mit Wanderf\u00fchrer Luc Scherrer die atemberaubende Region von Raimeux. W\u00e4hlen Sie dabei zwischen Routen \u00e0 la carte oder pers\u00f6nlich gestalteten Ausfl\u00fcgen.<\/p>\n<p>Mit dem flexiblen Wanderabo AboRando finden jeweils am Mittwochabend Wanderungen statt.<\/p>\n","protected":false},"author":1,"featured_media":445,"template":"","region":[],"raimeux_tag":[161,160,159,158],"raimeux_filtre":[162,168,167,164,165,163,166],"class_list":["post-1172","prestataire","type-prestataire","status-publish","has-post-thumbnail","hentry","raimeux_tag-accomp-de","raimeux_tag-accompagnateur-de","raimeux_tag-guide-de","raimeux_tag-randonnees-de","raimeux_filtre-aktivitaeten","raimeux_filtre-kinder","raimeux_filtre-nebensaison","raimeux_filtre-outdoor-de","raimeux_filtre-sommer","raimeux_filtre-wanderung","raimeux_filtre-winter"],"acf":[],"_links":{"self":[{"href":"https:\/\/raimeux.org\/de\/wp-json\/wp\/v2\/prestataire\/1172","targetHints":{"allow":["GET"]}}],"collection":[{"href":"https:\/\/raimeux.org\/de\/wp-json\/wp\/v2\/prestataire"}],"about":[{"href":"https:\/\/raimeux.org\/de\/wp-json\/wp\/v2\/types\/prestataire"}],"author":[{"embeddable":true,"href":"https:\/\/raimeux.org\/de\/wp-json\/wp\/v2\/users\/1"}],"version-history":[{"count":4,"href":"https:\/\/raimeux.org\/de\/wp-json\/wp\/v2\/prestataire\/1172\/revisions"}],"predecessor-version":[{"id":1276,"href":"https:\/\/raimeux.org\/de\/wp-json\/wp\/v2\/prestataire\/1172\/revisions\/1276"}],"wp:featuredmedia":[{"embeddable":true,"href":"https:\/\/raimeux.org\/de\/wp-json\/wp\/v2\/media\/445"}],"wp:attachment":[{"href":"https:\/\/raimeux.org\/de\/wp-json\/wp\/v2\/media?parent=1172"}],"wp:term":[{"taxonomy":"region","embeddable":true,"href":"https:\/\/raimeux.org\/de\/wp-json\/wp\/v2\/region?post=1172"},{"taxonomy":"raimeux_tag","embeddable":true,"href":"https:\/\/raimeux.org\/de\/wp-json\/wp\/v2\/raimeux_tag?post=1172"},{"taxonomy":"raimeux_filtre","embeddable":true,"href":"https:\/\/raimeux.org\/de\/wp-json\/wp\/v2\/raimeux_filtre?post=1172"}],"curies":[{"name":"wp","href":"https:\/\/api.w.org\/{rel}","templated":true}]}}

Wanderführer im Jura

<p>Entdecken Sie mit Wanderführer Luc Scherrer die atemberaubende Region von Raimeux. Wählen Sie dabei zwischen Routen à la carte oder persönlich gestalteten Ausflügen.</p>
<p>Mit dem flexiblen Wanderabo AboRando finden jeweils am Mittwochabend Wanderungen statt.</p>
