{"id":1285,"date":"2017-04-25T13:28:13","date_gmt":"2017-04-25T11:28:13","guid":{"rendered":"https:\/\/raimeux.org\/?post_type=prestataire&#038;p=1285"},"modified":"2018-05-09T18:01:25","modified_gmt":"2018-05-09T16:01:25","slug":"chez-fleury","status":"publish","type":"prestataire","link":"https:\/\/raimeux.org\/de\/freizeit\/chez-fleury\/","title":{"rendered":"B&#038;B Chez Fleury"},"content":{"rendered":"<p>Inmitten der Natur, am Eingang zum D\u00f6rfchen Courcelon, bieten Ihnen die G\u00e4stezimmer von B&amp;B Chez Fleury Ruhe und Stille. Ideal f\u00fcr Familienferien oder P\u00e4rchenurlaub. Es besteht ausserdem die M\u00f6glichkeit, den hauseigenen Bauernhof zu besuchen.<\/p>\n","protected":false},"author":1,"featured_media":193,"template":"","region":[30],"raimeux_tag":[191,192,203],"raimeux_filtre":[178,168,167,169,171,165,166],"class_list":["post-1285","prestataire","type-prestataire","status-publish","has-post-thumbnail","hentry","region-courcelon","raimeux_tag-chambres-de","raimeux_tag-dormir-de","raimeux_tag-hotes-de","raimeux_filtre-indoor-de","raimeux_filtre-kinder","raimeux_filtre-nebensaison","raimeux_filtre-rollstuhlgaengig","raimeux_filtre-schlafen","raimeux_filtre-sommer","raimeux_filtre-winter"],"acf":[],"_links":{"self":[{"href":"https:\/\/raimeux.org\/de\/wp-json\/wp\/v2\/prestataire\/1285","targetHints":{"allow":["GET"]}}],"collection":[{"href":"https:\/\/raimeux.org\/de\/wp-json\/wp\/v2\/prestataire"}],"about":[{"href":"https:\/\/raimeux.org\/de\/wp-json\/wp\/v2\/types\/prestataire"}],"author":[{"embeddable":true,"href":"https:\/\/raimeux.org\/de\/wp-json\/wp\/v2\/users\/1"}],"version-history":[{"count":5,"href":"https:\/\/raimeux.org\/de\/wp-json\/wp\/v2\/prestataire\/1285\/revisions"}],"predecessor-version":[{"id":1369,"href":"https:\/\/raimeux.org\/de\/wp-json\/wp\/v2\/prestataire\/1285\/revisions\/1369"}],"wp:featuredmedia":[{"embeddable":true,"href":"https:\/\/raimeux.org\/de\/wp-json\/wp\/v2\/media\/193"}],"wp:attachment":[{"href":"https:\/\/raimeux.org\/de\/wp-json\/wp\/v2\/media?parent=1285"}],"wp:term":[{"taxonomy":"region","embeddable":true,"href":"https:\/\/raimeux.org\/de\/wp-json\/wp\/v2\/region?post=1285"},{"taxonomy":"raimeux_tag","embeddable":true,"href":"https:\/\/raimeux.org\/de\/wp-json\/wp\/v2\/raimeux_tag?post=1285"},{"taxonomy":"raimeux_filtre","embeddable":true,"href":"https:\/\/raimeux.org\/de\/wp-json\/wp\/v2\/raimeux_filtre?post=1285"}],"curies":[{"name":"wp","href":"https:\/\/api.w.org\/{rel}","templated":true}]}}

<p>Inmitten der Natur, am Eingang zum Dörfchen Courcelon, bieten Ihnen die Gästezimmer von B&amp;B Chez Fleury Ruhe und Stille. Ideal für Familienferien oder Pärchenurlaub. Es besteht ausserdem die Möglichkeit, den hauseigenen Bauernhof zu besuchen.</p>
