{"id":1288,"date":"2017-04-25T13:30:26","date_gmt":"2017-04-25T11:30:26","guid":{"rendered":"https:\/\/raimeux.org\/?post_type=prestataire&#038;p=1288"},"modified":"2018-05-15T10:12:28","modified_gmt":"2018-05-15T08:12:28","slug":"probstenberg","status":"publish","type":"prestataire","link":"https:\/\/raimeux.org\/de\/freizeit\/probstenberg\/","title":{"rendered":"G\u00e4stehaus Probstenberg"},"content":{"rendered":"<p>Umgeben von der traumhaften Landschaft des Juras \u2013 auf den H\u00f6hen von Welschenrohr in der N\u00e4he von Elay mit Sicht auf die Vogesen und Eiger, M\u00f6nch und Jungfrau \u2013 liegt auf 1120 Metern H\u00f6he das G\u00e4stehaus Probstenberg.<\/p>\n<p>Das G\u00e4stehaus verf\u00fcgt \u00fcber drei Doppelzimmer und zwei Massenlager (8 und 16 Betten).<\/p>\n<p>Der grosse Gemeinschaftsraum, die gut ausgestattete K\u00fcche, WC\/Dusche f\u00fcr Frauen und M\u00e4nner machen das G\u00e4stehaus zum idealen Zufluchtsort f\u00fcr Wanderer und Schullager und zur idealen Kulisse f\u00fcr Seminare und Feste.<\/p>\n<p>G\u00f6nnen Sie sich eine Auszeit inmitten der Natur und entdecken Sie die Welt der Landwirtschaft und dessen Tiere.<\/p>\n","protected":false},"author":1,"featured_media":753,"template":"","region":[35],"raimeux_tag":[253,191,192,203,158],"raimeux_filtre":[178,168,167,164,171,165,163,166],"class_list":["post-1288","prestataire","type-prestataire","status-publish","has-post-thumbnail","hentry","region-elay","raimeux_tag-animaux-de","raimeux_tag-chambres-de","raimeux_tag-dormir-de","raimeux_tag-hotes-de","raimeux_tag-randonnees-de","raimeux_filtre-indoor-de","raimeux_filtre-kinder","raimeux_filtre-nebensaison","raimeux_filtre-outdoor-de","raimeux_filtre-schlafen","raimeux_filtre-sommer","raimeux_filtre-wanderung","raimeux_filtre-winter"],"acf":[],"_links":{"self":[{"href":"https:\/\/raimeux.org\/de\/wp-json\/wp\/v2\/prestataire\/1288","targetHints":{"allow":["GET"]}}],"collection":[{"href":"https:\/\/raimeux.org\/de\/wp-json\/wp\/v2\/prestataire"}],"about":[{"href":"https:\/\/raimeux.org\/de\/wp-json\/wp\/v2\/types\/prestataire"}],"author":[{"embeddable":true,"href":"https:\/\/raimeux.org\/de\/wp-json\/wp\/v2\/users\/1"}],"version-history":[{"count":5,"href":"https:\/\/raimeux.org\/de\/wp-json\/wp\/v2\/prestataire\/1288\/revisions"}],"predecessor-version":[{"id":1515,"href":"https:\/\/raimeux.org\/de\/wp-json\/wp\/v2\/prestataire\/1288\/revisions\/1515"}],"wp:featuredmedia":[{"embeddable":true,"href":"https:\/\/raimeux.org\/de\/wp-json\/wp\/v2\/media\/753"}],"wp:attachment":[{"href":"https:\/\/raimeux.org\/de\/wp-json\/wp\/v2\/media?parent=1288"}],"wp:term":[{"taxonomy":"region","embeddable":true,"href":"https:\/\/raimeux.org\/de\/wp-json\/wp\/v2\/region?post=1288"},{"taxonomy":"raimeux_tag","embeddable":true,"href":"https:\/\/raimeux.org\/de\/wp-json\/wp\/v2\/raimeux_tag?post=1288"},{"taxonomy":"raimeux_filtre","embeddable":true,"href":"https:\/\/raimeux.org\/de\/wp-json\/wp\/v2\/raimeux_filtre?post=1288"}],"curies":[{"name":"wp","href":"https:\/\/api.w.org\/{rel}","templated":true}]}}

Gästehaus Probstenberg

<p>Umgeben von der traumhaften Landschaft des Juras – auf den Höhen von Welschenrohr in der Nähe von Elay mit Sicht auf die Vogesen und Eiger, Mönch und Jungfrau – liegt auf 1120 Metern Höhe das Gästehaus Probstenberg.</p>
<p>Das Gästehaus verfügt über drei Doppelzimmer und zwei Massenlager (8 und 16 Betten).</p>
<p>Der grosse Gemeinschaftsraum, die gut ausgestattete Küche, WC/Dusche für Frauen und Männer machen das Gästehaus zum idealen Zufluchtsort für Wanderer und Schullager und zur idealen Kulisse für Seminare und Feste.</p>
<p>Gönnen Sie sich eine Auszeit inmitten der Natur und entdecken Sie die Welt der Landwirtschaft und dessen Tiere.</p>
