{"id":1295,"date":"2017-04-25T13:29:25","date_gmt":"2017-04-25T11:29:25","guid":{"rendered":"https:\/\/raimeux.org\/?post_type=prestataire&#038;p=1295"},"modified":"2018-05-15T10:04:10","modified_gmt":"2018-05-15T08:04:10","slug":"chalet-retemberg","status":"publish","type":"prestataire","link":"https:\/\/raimeux.org\/de\/freizeit\/chalet-retemberg\/","title":{"rendered":"Chalet Retemberg"},"content":{"rendered":"<p>Unter dem Dorf Vicques auf 868 Metern H\u00f6he, an idyllischer, abgeschiedener und ruhiger Lage, findet sich das Chalet Retemberg. Mit Blick auf die Weide an der S\u00fcdseite und angrenzendem Wald an der Nordseite.<\/p>\n<p>Fantastische Aussicht auf das Tal, Start- und Ankunftsort f\u00fcr zahlreiche Wanderungen und Ausfl\u00fcge. Ideale Unterkunft f\u00fcr Schul- oder Sommerlager ab CHF 12.50 pro Nacht.<\/p>\n<p>Kann ebenfalls gemietet werden f\u00fcr Familienfeste, Hochzeiten, Geburtstage etc. G\u00e4ste k\u00f6nnen \u00fcbernachten.<\/p>\n<ul>\n<li>Semiprofessionelle K\u00fcche ausgestattet mit zwei Esss\u00e4len f\u00fcr 30 bis 60 Personen, eines davon mit franz\u00f6sischem Chemin\u00e9e<\/li>\n<li>Grosser Schlafsaal mit 22 Betten, und 11 Zimmer mit 3, 4 und 10 Betten, insgesamt 65 Schlafpl\u00e4tze<\/li>\n<li>Separate Duschen und WC<\/li>\n<li>Zug\u00e4nglich f\u00fcr Personen mit eingeschr\u00e4nkter Mobilit\u00e4t<\/li>\n<li>Terrasse und Spielplatz<\/li>\n<\/ul>\n<p>Das Chalet wird jedes Wochenende bewartet und bietet Wanderern eine kleine Erfrischung und Verpflegung. An jedem ersten Sonntag im September feiert das Chalet ausgiebig das Bergfest. Kommen Sie vorbei und probieren Sie das ber\u00fchmte Holzofen-Sauerkraut.<\/p>\n<p>Leicht erreichbar, zu Fuss vom Dorf aus (1 Std. 30 Min.) oder per Auto (10 Min.). Parking im Chalet, Zufahrtsstrasse ganzj\u00e4hrig ge\u00f6ffnet. (GPS-Koordinaten : 600 100 \/ 247 600).<\/p>\n","protected":false},"author":1,"featured_media":615,"template":"","region":[33],"raimeux_tag":[216,249,192,218],"raimeux_filtre":[178,168,167,164,171,165,163,166],"class_list":["post-1295","prestataire","type-prestataire","status-publish","has-post-thumbnail","hentry","region-vicques","raimeux_tag-chalet-de","raimeux_tag-colonnie-de","raimeux_tag-dormir-de","raimeux_tag-gardiennage-de","raimeux_filtre-indoor-de","raimeux_filtre-kinder","raimeux_filtre-nebensaison","raimeux_filtre-outdoor-de","raimeux_filtre-schlafen","raimeux_filtre-sommer","raimeux_filtre-wanderung","raimeux_filtre-winter"],"acf":[],"_links":{"self":[{"href":"https:\/\/raimeux.org\/de\/wp-json\/wp\/v2\/prestataire\/1295","targetHints":{"allow":["GET"]}}],"collection":[{"href":"https:\/\/raimeux.org\/de\/wp-json\/wp\/v2\/prestataire"}],"about":[{"href":"https:\/\/raimeux.org\/de\/wp-json\/wp\/v2\/types\/prestataire"}],"author":[{"embeddable":true,"href":"https:\/\/raimeux.org\/de\/wp-json\/wp\/v2\/users\/1"}],"version-history":[{"count":5,"href":"https:\/\/raimeux.org\/de\/wp-json\/wp\/v2\/prestataire\/1295\/revisions"}],"predecessor-version":[{"id":1514,"href":"https:\/\/raimeux.org\/de\/wp-json\/wp\/v2\/prestataire\/1295\/revisions\/1514"}],"wp:featuredmedia":[{"embeddable":true,"href":"https:\/\/raimeux.org\/de\/wp-json\/wp\/v2\/media\/615"}],"wp:attachment":[{"href":"https:\/\/raimeux.org\/de\/wp-json\/wp\/v2\/media?parent=1295"}],"wp:term":[{"taxonomy":"region","embeddable":true,"href":"https:\/\/raimeux.org\/de\/wp-json\/wp\/v2\/region?post=1295"},{"taxonomy":"raimeux_tag","embeddable":true,"href":"https:\/\/raimeux.org\/de\/wp-json\/wp\/v2\/raimeux_tag?post=1295"},{"taxonomy":"raimeux_filtre","embeddable":true,"href":"https:\/\/raimeux.org\/de\/wp-json\/wp\/v2\/raimeux_filtre?post=1295"}],"curies":[{"name":"wp","href":"https:\/\/api.w.org\/{rel}","templated":true}]}}

<p>Unter dem Dorf Vicques auf 868 Metern Höhe, an idyllischer, abgeschiedener und ruhiger Lage, findet sich das Chalet Retemberg. Mit Blick auf die Weide an der Südseite und angrenzendem Wald an der Nordseite.</p>
<p>Fantastische Aussicht auf das Tal, Start- und Ankunftsort für zahlreiche Wanderungen und Ausflüge. Ideale Unterkunft für Schul- oder Sommerlager ab CHF 12.50 pro Nacht.</p>
<p>Kann ebenfalls gemietet werden für Familienfeste, Hochzeiten, Geburtstage etc. Gäste können übernachten.</p>
<ul>
<li>Semiprofessionelle Küche ausgestattet mit zwei Esssälen für 30 bis 60 Personen, eines davon mit französischem Cheminée</li>
<li>Grosser Schlafsaal mit 22 Betten, und 11 Zimmer mit 3, 4 und 10 Betten, insgesamt 65 Schlafplätze</li>
<li>Separate Duschen und WC</li>
<li>Zugänglich für Personen mit eingeschränkter Mobilität</li>
<li>Terrasse und Spielplatz</li>
</ul>
<p>Das Chalet wird jedes Wochenende bewartet und bietet Wanderern eine kleine Erfrischung und Verpflegung. An jedem ersten Sonntag im September feiert das Chalet ausgiebig das Bergfest. Kommen Sie vorbei und probieren Sie das berühmte Holzofen-Sauerkraut.</p>
<p>Leicht erreichbar, zu Fuss vom Dorf aus (1 Std. 30 Min.) oder per Auto (10 Min.). Parking im Chalet, Zufahrtsstrasse ganzjährig geöffnet. (GPS-Koordinaten : 600 100 / 247 600).</p>
