{"id":1384,"date":"2017-04-25T13:26:30","date_gmt":"2017-04-25T11:26:30","guid":{"rendered":"https:\/\/raimeux.org\/loisirs\/restaurant-du-moulin\/"},"modified":"2018-05-15T10:25:20","modified_gmt":"2018-05-15T08:25:20","slug":"restaurant-du-moulin","status":"publish","type":"prestataire","link":"https:\/\/raimeux.org\/de\/freizeit\/restaurant-du-moulin\/","title":{"rendered":"Restaurant du Moulin"},"content":{"rendered":"<p>Seit \u00fcber zwanzig Jahren empfangen Yves und Sylvie Mercier-Leuenberger mit grosser Freude G\u00e4ste in ihrem Restaurant in Rebeveulier, welches im Gr\u00fcnen zwischen Del\u00e9mont und Moutier liegt.<\/p>\n","protected":false},"author":1,"featured_media":485,"template":"","region":[31],"raimeux_tag":[262],"raimeux_filtre":[170,178,168,167,164,169,165,166],"class_list":["post-1384","prestataire","type-prestataire","status-publish","has-post-thumbnail","hentry","region-rebeuvelier","raimeux_tag-restaurant-de","raimeux_filtre-essentrinken","raimeux_filtre-indoor-de","raimeux_filtre-kinder","raimeux_filtre-nebensaison","raimeux_filtre-outdoor-de","raimeux_filtre-rollstuhlgaengig","raimeux_filtre-sommer","raimeux_filtre-winter"],"acf":[],"_links":{"self":[{"href":"https:\/\/raimeux.org\/de\/wp-json\/wp\/v2\/prestataire\/1384","targetHints":{"allow":["GET"]}}],"collection":[{"href":"https:\/\/raimeux.org\/de\/wp-json\/wp\/v2\/prestataire"}],"about":[{"href":"https:\/\/raimeux.org\/de\/wp-json\/wp\/v2\/types\/prestataire"}],"author":[{"embeddable":true,"href":"https:\/\/raimeux.org\/de\/wp-json\/wp\/v2\/users\/1"}],"version-history":[{"count":3,"href":"https:\/\/raimeux.org\/de\/wp-json\/wp\/v2\/prestataire\/1384\/revisions"}],"predecessor-version":[{"id":1519,"href":"https:\/\/raimeux.org\/de\/wp-json\/wp\/v2\/prestataire\/1384\/revisions\/1519"}],"wp:featuredmedia":[{"embeddable":true,"href":"https:\/\/raimeux.org\/de\/wp-json\/wp\/v2\/media\/485"}],"wp:attachment":[{"href":"https:\/\/raimeux.org\/de\/wp-json\/wp\/v2\/media?parent=1384"}],"wp:term":[{"taxonomy":"region","embeddable":true,"href":"https:\/\/raimeux.org\/de\/wp-json\/wp\/v2\/region?post=1384"},{"taxonomy":"raimeux_tag","embeddable":true,"href":"https:\/\/raimeux.org\/de\/wp-json\/wp\/v2\/raimeux_tag?post=1384"},{"taxonomy":"raimeux_filtre","embeddable":true,"href":"https:\/\/raimeux.org\/de\/wp-json\/wp\/v2\/raimeux_filtre?post=1384"}],"curies":[{"name":"wp","href":"https:\/\/api.w.org\/{rel}","templated":true}]}}

<p>Seit über zwanzig Jahren empfangen Yves und Sylvie Mercier-Leuenberger mit grosser Freude Gäste in ihrem Restaurant in Rebeveulier, welches im Grünen zwischen Delémont und Moutier liegt.</p>
