{"id":2012,"date":"2019-02-07T17:31:51","date_gmt":"2019-02-07T16:31:51","guid":{"rendered":"https:\/\/raimeux.org\/?post_type=prestataire&#038;p=2012"},"modified":"2020-07-06T14:20:42","modified_gmt":"2020-07-06T12:20:42","slug":"pilot-parapente-jura","status":"publish","type":"prestataire","link":"https:\/\/raimeux.org\/de\/loisirs-jura-bernois\/pilot-parapente-jura\/","title":{"rendered":"Pilot-Para &#8211; Ecole de parapente et vols biplaces"},"content":{"rendered":"<h2>D\u00e9couvrez le Raimeux depuis le ciel, avec nos vols biplaces<\/h2>\n<p class=\"font_8\"><span class=\"color_15\">Qui n\u2019a pas r\u00eav\u00e9, un jour, de s\u2019affranchir de la pesanteur pour glisser dans les airs, jouer avec les nuages, les courants d\u2019air et survoler des paysages naturels grandioses?<\/span><\/p>\n<p class=\"font_8\"><span class=\"color_15\">Pour ceux qui voudraient partager ce r\u00eave, seul ou en biplace, nous avons mis en place \u00e0 Moutier, au c\u0153ur du Jura et du Jura bernois\u2026 et proche du Mont-Raimeux, une \u00e9cole de parapente ainsi qu\u2019une boutique sp\u00e9cialis\u00e9e. Elle se situe au pied de la montagne du Graitery, derri\u00e8re la patinoire.<\/span><\/p>\n<p><strong>Vol biplace D\u00e9couverte<\/strong><\/p>\n<ul>\n<li>Vous d\u00e9sirez organiser une sortie d&#8217;entreprise ou un enterrement de jeune fille, gar\u00e7on? Cette offre est faite pour vous!<\/li>\n<li>Venez avec votre groupe est nous nous organisons pour vous faire voler tout le monde selon le temps sur place que vous avez \u00e0\u00a0disposition (minimum 1 h 15 sur place)<\/li>\n<li>Des vols d&#8217;une dur\u00e9e de 10 \u00e0 15 min\u00a0(offre valable pour groupe de 4 personnes minimum)<\/li>\n<li>Prix CHF 100.\u2013<\/li>\n<\/ul>\n<p><strong>Vol biplace Initiation\u00a0<\/strong><\/p>\n<ul>\n<li>A toi de faire le premier pas\u2026 et quelques secondes apr\u00e8s, tu te retrouveras dans les airs, accompagn\u00e9 de ton pilote tandem, qui te fera d\u00e9couvrir la 3e dimension<\/li>\n<li>Dur\u00e9e du vol environ 20 minutes selon conditions m\u00e9t\u00e9o<\/li>\n<li>Prix CHF 140.\u2013<\/li>\n<\/ul>\n<p><strong>Vol biplace Carrousel\u00a0<\/strong><\/p>\n<ul>\n<li>Encore plus de sensations: avec le vice champion Suisse d\u2019acrobatie synchronis\u00e9e. Si tu ne crains pas les G, tu as l\u2019estomac bien accroch\u00e9, inscris-toi pour un vol biplace \u00abcarrousel\u00bb!<\/li>\n<li>Dur\u00e9e du vol d&#8217;environ 30 minutes selon conditions m\u00e9t\u00e9o<\/li>\n<li>Prix CHF 200.\u2013<\/li>\n<\/ul>\n<p><strong>Vol biplace Thermique\u00a0<\/strong><\/p>\n<ul>\n<li>Avec ce vol, profitez des joies des thermiques ou termodynamiques qui nous permettent de rester dans les airs et d&#8217;atteindre une altitude pouvant atteindre 3000 m durant les meilleurs journ\u00e9e!<\/li>\n<li>Environ 30\u00a0minutes de vol<\/li>\n<li>Prix CHF 170.\u2013<\/li>\n<\/ul>\n<p><a href=\"http:\/\/www.pilot-para.ch\/book-online\" target=\"_blank\" rel=\"noopener noreferrer\">R\u00e9server votre vol!<\/a><\/p>\n<h2>Pilot-Para, \u00e9cole de parapente et vols biplaces \u00e0 Moutier<\/h2>\n<p>Une \u00e9quipe professionnelle, une infrastructure compl\u00e8te et l&#8217;assurance d&#8217;un suivi complet.<\/p>\n","protected":false},"author":2,"featured_media":2015,"template":"","region":[329],"raimeux_tag":[334,336,335,118,332,333,312,339,338,337],"raimeux_filtre":[11,24,17,23,21,20],"class_list":["post-2012","prestataire","type-prestataire","status-publish","has-post-thumbnail","hentry","region-moutier","raimeux_tag-biplace","raimeux_tag-decouvertue","raimeux_tag-ecole","raimeux_tag-jura","raimeux_tag-moutier","raimeux_tag-parapente","raimeux_tag-raimeux","raimeux_tag-suisse","raimeux_tag-vol","raimeux_tag-vue-du-ciel","raimeux_filtre-activites","raimeux_filtre-avec-enfants","raimeux_filtre-aventure","raimeux_filtre-entre-saison","raimeux_filtre-ete","raimeux_filtre-outdoor"],"acf":[],"_links":{"self":[{"href":"https:\/\/raimeux.org\/de\/wp-json\/wp\/v2\/prestataire\/2012","targetHints":{"allow":["GET"]}}],"collection":[{"href":"https:\/\/raimeux.org\/de\/wp-json\/wp\/v2\/prestataire"}],"about":[{"href":"https:\/\/raimeux.org\/de\/wp-json\/wp\/v2\/types\/prestataire"}],"author":[{"embeddable":true,"href":"https:\/\/raimeux.org\/de\/wp-json\/wp\/v2\/users\/2"}],"version-history":[{"count":5,"href":"https:\/\/raimeux.org\/de\/wp-json\/wp\/v2\/prestataire\/2012\/revisions"}],"predecessor-version":[{"id":2715,"href":"https:\/\/raimeux.org\/de\/wp-json\/wp\/v2\/prestataire\/2012\/revisions\/2715"}],"wp:featuredmedia":[{"embeddable":true,"href":"https:\/\/raimeux.org\/de\/wp-json\/wp\/v2\/media\/2015"}],"wp:attachment":[{"href":"https:\/\/raimeux.org\/de\/wp-json\/wp\/v2\/media?parent=2012"}],"wp:term":[{"taxonomy":"region","embeddable":true,"href":"https:\/\/raimeux.org\/de\/wp-json\/wp\/v2\/region?post=2012"},{"taxonomy":"raimeux_tag","embeddable":true,"href":"https:\/\/raimeux.org\/de\/wp-json\/wp\/v2\/raimeux_tag?post=2012"},{"taxonomy":"raimeux_filtre","embeddable":true,"href":"https:\/\/raimeux.org\/de\/wp-json\/wp\/v2\/raimeux_filtre?post=2012"}],"curies":[{"name":"wp","href":"https:\/\/api.w.org\/{rel}","templated":true}]}}

<h2>Découvrez le Raimeux depuis le ciel, avec nos vols biplaces</h2>
<p class="font_8"><span class="color_15">Qui n’a pas rêvé, un jour, de s’affranchir de la pesanteur pour glisser dans les airs, jouer avec les nuages, les courants d’air et survoler des paysages naturels grandioses?</span></p>
<p class="font_8"><span class="color_15">Pour ceux qui voudraient partager ce rêve, seul ou en biplace, nous avons mis en place à Moutier, au cœur du Jura et du Jura bernois… et proche du Mont-Raimeux, une école de parapente ainsi qu’une boutique spécialisée. Elle se situe au pied de la montagne du Graitery, derrière la patinoire.</span></p>
<p><strong>Vol biplace Découverte</strong></p>
<ul>
<li>Vous désirez organiser une sortie d&#8217;entreprise ou un enterrement de jeune fille, garçon? Cette offre est faite pour vous!</li>
<li>Venez avec votre groupe est nous nous organisons pour vous faire voler tout le monde selon le temps sur place que vous avez à disposition (minimum 1 h 15 sur place)</li>
<li>Des vols d&#8217;une durée de 10 à 15 min (offre valable pour groupe de 4 personnes minimum)</li>
<li>Prix CHF 100.–</li>
</ul>
<p><strong>Vol biplace Initiation </strong></p>
<ul>
<li>A toi de faire le premier pas… et quelques secondes après, tu te retrouveras dans les airs, accompagné de ton pilote tandem, qui te fera découvrir la 3e dimension</li>
<li>Durée du vol environ 20 minutes selon conditions météo</li>
<li>Prix CHF 140.–</li>
</ul>
<p><strong>Vol biplace Carrousel </strong></p>
<ul>
<li>Encore plus de sensations: avec le vice champion Suisse d’acrobatie synchronisée. Si tu ne crains pas les G, tu as l’estomac bien accroché, inscris-toi pour un vol biplace «carrousel»!</li>
<li>Durée du vol d&#8217;environ 30 minutes selon conditions météo</li>
<li>Prix CHF 200.–</li>
</ul>
<p><strong>Vol biplace Thermique </strong></p>
<ul>
<li>Avec ce vol, profitez des joies des thermiques ou termodynamiques qui nous permettent de rester dans les airs et d&#8217;atteindre une altitude pouvant atteindre 3000 m durant les meilleurs journée!</li>
<li>Environ 30 minutes de vol</li>
<li>Prix CHF 170.–</li>
</ul>
<p><a href="http://www.pilot-para.ch/book-online" target="_blank" rel="noopener noreferrer">Réserver votre vol!</a></p>
<h2>Pilot-Para, école de parapente et vols biplaces à Moutier</h2>
<p>Une équipe professionnelle, une infrastructure complète et l&#8217;assurance d&#8217;un suivi complet.</p>
