{"id":6643,"date":"2022-07-21T08:41:08","date_gmt":"2022-07-21T06:41:08","guid":{"rendered":"https:\/\/raimeux.org\/?post_type=prestataire&#038;p=6643"},"modified":"2022-07-21T09:33:44","modified_gmt":"2022-07-21T07:33:44","slug":"camping-du-raimeux","status":"publish","type":"prestataire","link":"https:\/\/raimeux.org\/de\/loisirs-jura-bernois\/camping-du-raimeux\/","title":{"rendered":"Camping du Raimeux"},"content":{"rendered":"\n<p>Michel et Jenny vous accueillent dans leur camping du Raimeux, un endroit calme en pleine nature, situ\u00e9 \u00e0 Rebeuvelier, dans le canton du Jura, \u00e0 10 minutes de l&#8217;autoroute qui relie Moutier et Del\u00e9mont.<\/p>\n\n\n\n<h2 class=\"wp-block-heading\">Un camping en pleine nature, au c\u0153ur du Jura<\/h2>\n\n\n\n<p>En endroit parfait pour se reposer une ou deux nuits, ou m\u00eame passer quelques jours de vacances. Un lieu strat\u00e9gique pour d\u00e9couvrir le magnifique canton du Jura et s&#8217;attarder \u00e0 de nombreuses randonn\u00e9es ou balades \u00e0 v\u00e9lo.<\/p>\n\n\n\n<p>Le camping du Raimeux, propose \u00e9galement un tipis, un bungalow et une roulotte \u00e0 louer, ainsi qu&#8217;un dortoir de passage pour dormir au sec.<\/p>\n\n\n\n<p><strong>Et aussi:<\/strong><\/p>\n\n\n\n<ul class=\"wp-block-list\"><li>Place de jeux pour enfants<\/li><li>Table de ping-pong<\/li><li>Piste de p\u00e9tanque<\/li><li>Sanitaires avec douche, lave-linge, petite cuisinette<\/li><li>Place de pique-nique (indoor et outdoor)<\/li><\/ul>\n\n\n\n<p>En face, vous d\u00e9couvrirez quelques produits bio en vente directe du <a href=\"https:\/\/www.cabanonduraimeuh.ch\" target=\"_blank\" rel=\"noreferrer noopener\">Cabanon Du Rai&#8217;Meuh.<\/a><\/p>\n","protected":false},"author":2,"featured_media":6659,"template":"","region":[31],"raimeux_tag":[370,49,118,59,40,371,372],"raimeux_filtre":[26,24,10,23,21,20],"class_list":["post-6643","prestataire","type-prestataire","status-publish","has-post-thumbnail","hentry","region-rebeuvelier","raimeux_tag-camping","raimeux_tag-dormir","raimeux_tag-jura","raimeux_tag-montagne","raimeux_tag-nature","raimeux_tag-passage","raimeux_tag-rebeuvelier","raimeux_filtre-acces-handicape","raimeux_filtre-avec-enfants","raimeux_filtre-dormir","raimeux_filtre-entre-saison","raimeux_filtre-ete","raimeux_filtre-outdoor"],"acf":[],"_links":{"self":[{"href":"https:\/\/raimeux.org\/de\/wp-json\/wp\/v2\/prestataire\/6643","targetHints":{"allow":["GET"]}}],"collection":[{"href":"https:\/\/raimeux.org\/de\/wp-json\/wp\/v2\/prestataire"}],"about":[{"href":"https:\/\/raimeux.org\/de\/wp-json\/wp\/v2\/types\/prestataire"}],"author":[{"embeddable":true,"href":"https:\/\/raimeux.org\/de\/wp-json\/wp\/v2\/users\/2"}],"version-history":[{"count":5,"href":"https:\/\/raimeux.org\/de\/wp-json\/wp\/v2\/prestataire\/6643\/revisions"}],"predecessor-version":[{"id":6701,"href":"https:\/\/raimeux.org\/de\/wp-json\/wp\/v2\/prestataire\/6643\/revisions\/6701"}],"wp:featuredmedia":[{"embeddable":true,"href":"https:\/\/raimeux.org\/de\/wp-json\/wp\/v2\/media\/6659"}],"wp:attachment":[{"href":"https:\/\/raimeux.org\/de\/wp-json\/wp\/v2\/media?parent=6643"}],"wp:term":[{"taxonomy":"region","embeddable":true,"href":"https:\/\/raimeux.org\/de\/wp-json\/wp\/v2\/region?post=6643"},{"taxonomy":"raimeux_tag","embeddable":true,"href":"https:\/\/raimeux.org\/de\/wp-json\/wp\/v2\/raimeux_tag?post=6643"},{"taxonomy":"raimeux_filtre","embeddable":true,"href":"https:\/\/raimeux.org\/de\/wp-json\/wp\/v2\/raimeux_filtre?post=6643"}],"curies":[{"name":"wp","href":"https:\/\/api.w.org\/{rel}","templated":true}]}}

<p>Michel et Jenny vous accueillent dans leur camping du Raimeux, un endroit calme en pleine nature, situé à Rebeuvelier, dans le canton du Jura, à 10 minutes de l&#8217;autoroute qui relie Moutier et Delémont.</p>



<h2 class="wp-block-heading">Un camping en pleine nature, au cœur du Jura</h2>



<p>En endroit parfait pour se reposer une ou deux nuits, ou même passer quelques jours de vacances. Un lieu stratégique pour découvrir le magnifique canton du Jura et s&#8217;attarder à de nombreuses randonnées ou balades à vélo.</p>



<p>Le camping du Raimeux, propose également un tipis, un bungalow et une roulotte à louer, ainsi qu&#8217;un dortoir de passage pour dormir au sec.</p>



<p><strong>Et aussi:</strong></p>



<ul class="wp-block-list"><li>Place de jeux pour enfants</li><li>Table de ping-pong</li><li>Piste de pétanque</li><li>Sanitaires avec douche, lave-linge, petite cuisinette</li><li>Place de pique-nique (indoor et outdoor)</li></ul>



<p>En face, vous découvrirez quelques produits bio en vente directe du <a href="https://www.cabanonduraimeuh.ch" target="_blank" rel="noreferrer noopener">Cabanon Du Rai&#8217;Meuh.</a></p>
