{"id":6868,"date":"2025-03-23T11:27:14","date_gmt":"2025-03-23T10:27:14","guid":{"rendered":"https:\/\/raimeux.org\/?post_type=prestataire&#038;p=6868"},"modified":"2025-05-05T08:46:49","modified_gmt":"2025-05-05T06:46:49","slug":"le-refuge-du-trappeur","status":"publish","type":"prestataire","link":"https:\/\/raimeux.org\/de\/loisirs-jura-bernois\/le-refuge-du-trappeur\/","title":{"rendered":"Le Refuge du Trappeur"},"content":{"rendered":"<p style=\"font-weight: 400;\">Le Refuge du Trappeur est un chalet \u00e0 louer \u00e0 partir de 2 nuits \u00e0 Raimeux de Cr\u00e9mines. Il peut accueillir jusqu\u2019\u00e0 6 personnes.<\/p>\n<p style=\"font-weight: 400;\">Dans une atmosph\u00e8re confortable, nich\u00e9 en pleine nature, surplombant Cr\u00e9mines, ce havre de tranquillit\u00e9 garantit calme et s\u00e9r\u00e9nit\u00e9.<\/p>\n<p style=\"font-weight: 400;\">La propri\u00e9t\u00e9 est un chalet mitoyen qui incarne parfaitement le charme authentique avec ses troph\u00e9es de trappeur et son allure rustique de montagne.<\/p>\n<p style=\"font-weight: 400;\">Le Refuge du Trappeur dispose de 2 chambres, un espace cuisine, un coin manger, un salon ainsi que d\u2019une salle d\u2019eau.<\/p>\n<p style=\"font-weight: 400;\">Un magnifique espace ext\u00e9rieur avec une grande chemin\u00e9e est \u00e0 votre disposition pour un s\u00e9jour en toute tranquillit\u00e9. Ensoleillement maximal gr\u00e2ce \u00e0 sa position plein sud et ouest.<\/p>\n<p>Dormir \u00e0 la montagne, proche d&#8217;un restaurant (auberge Chez Karin et Hans Rohrer), au calme et en pleine nature.<\/p>\n<p style=\"font-weight: 400;\"><strong>Contact (adresse exacte):<br \/>\n<\/strong>Le Refuge du Trappeur<br \/>\nEs Gossins 181a<br \/>\n2746 Cr\u00e9mines<br \/>\nT. +41 78 790 28 02<br \/>\nMAIL: <a href=\"mailto:lerefugedutrappeur@meltuscher.com\">lerefugedutrappeur@meltuscher.com<\/a><\/p>\n<ul>\n<li style=\"font-weight: 400;\"><a href=\"http:\/\/airbnb.ch\/h\/lerefugedutrappeur-cremines\" target=\"_blank\" rel=\"noopener\">Airbnb<\/a><\/li>\n<li style=\"font-weight: 400;\"><a href=\"https:\/\/www.facebook.com\/profile.php?id=61572698368565\">Facebook<\/a><\/li>\n<li style=\"font-weight: 400;\"><a href=\"https:\/\/www.google.com\/maps\/place\/Le+Refuge+du+Trappeur\/@47.2987343,7.4499524,17z\/data=!3m1!4b1!4m6!3m5!1s0x4791dd8f206be9c1:0xeee9dd8e7b9d6643!8m2!3d47.2987343!4d7.4525273!16s%2Fg%2F11lzxnsb1p?entry=ttu&amp;g_ep=EgoyMDI1MDMxNy4wIKXMDSoJLDEwMjExNDUzSAFQAw%3D%3D\" target=\"_blank\" rel=\"noopener\">Google maps<\/a><\/li>\n<\/ul>\n","protected":false},"author":2,"featured_media":6875,"template":"","region":[29,34],"raimeux_tag":[58,378,59],"raimeux_filtre":[24,10,23,21,22,20,18],"class_list":["post-6868","prestataire","type-prestataire","status-publish","has-post-thumbnail","hentry","region-cremines","region-raimeux","raimeux_tag-chalet","raimeux_tag-hebergement","raimeux_tag-montagne","raimeux_filtre-avec-enfants","raimeux_filtre-dormir","raimeux_filtre-entre-saison","raimeux_filtre-ete","raimeux_filtre-hiver","raimeux_filtre-outdoor","raimeux_filtre-rando"],"acf":[],"_links":{"self":[{"href":"https:\/\/raimeux.org\/de\/wp-json\/wp\/v2\/prestataire\/6868","targetHints":{"allow":["GET"]}}],"collection":[{"href":"https:\/\/raimeux.org\/de\/wp-json\/wp\/v2\/prestataire"}],"about":[{"href":"https:\/\/raimeux.org\/de\/wp-json\/wp\/v2\/types\/prestataire"}],"author":[{"embeddable":true,"href":"https:\/\/raimeux.org\/de\/wp-json\/wp\/v2\/users\/2"}],"version-history":[{"count":6,"href":"https:\/\/raimeux.org\/de\/wp-json\/wp\/v2\/prestataire\/6868\/revisions"}],"predecessor-version":[{"id":6908,"href":"https:\/\/raimeux.org\/de\/wp-json\/wp\/v2\/prestataire\/6868\/revisions\/6908"}],"wp:featuredmedia":[{"embeddable":true,"href":"https:\/\/raimeux.org\/de\/wp-json\/wp\/v2\/media\/6875"}],"wp:attachment":[{"href":"https:\/\/raimeux.org\/de\/wp-json\/wp\/v2\/media?parent=6868"}],"wp:term":[{"taxonomy":"region","embeddable":true,"href":"https:\/\/raimeux.org\/de\/wp-json\/wp\/v2\/region?post=6868"},{"taxonomy":"raimeux_tag","embeddable":true,"href":"https:\/\/raimeux.org\/de\/wp-json\/wp\/v2\/raimeux_tag?post=6868"},{"taxonomy":"raimeux_filtre","embeddable":true,"href":"https:\/\/raimeux.org\/de\/wp-json\/wp\/v2\/raimeux_filtre?post=6868"}],"curies":[{"name":"wp","href":"https:\/\/api.w.org\/{rel}","templated":true}]}}

<p style="font-weight: 400;">Le Refuge du Trappeur est un chalet à louer à partir de 2 nuits à Raimeux de Crémines. Il peut accueillir jusqu’à 6 personnes.</p>
<p style="font-weight: 400;">Dans une atmosphère confortable, niché en pleine nature, surplombant Crémines, ce havre de tranquillité garantit calme et sérénité.</p>
<p style="font-weight: 400;">La propriété est un chalet mitoyen qui incarne parfaitement le charme authentique avec ses trophées de trappeur et son allure rustique de montagne.</p>
<p style="font-weight: 400;">Le Refuge du Trappeur dispose de 2 chambres, un espace cuisine, un coin manger, un salon ainsi que d’une salle d’eau.</p>
<p style="font-weight: 400;">Un magnifique espace extérieur avec une grande cheminée est à votre disposition pour un séjour en toute tranquillité. Ensoleillement maximal grâce à sa position plein sud et ouest.</p>
<p>Dormir à la montagne, proche d&#8217;un restaurant (auberge Chez Karin et Hans Rohrer), au calme et en pleine nature.</p>
<p style="font-weight: 400;"><strong>Contact (adresse exacte):<br />
</strong>Le Refuge du Trappeur<br />
Es Gossins 181a<br />
2746 Crémines<br />
T. +41 78 790 28 02<br />
MAIL: <a href="mailto:lerefugedutrappeur@meltuscher.com">lerefugedutrappeur@meltuscher.com</a></p>
<ul>
<li style="font-weight: 400;"><a href="http://airbnb.ch/h/lerefugedutrappeur-cremines" target="_blank" rel="noopener">Airbnb</a></li>
<li style="font-weight: 400;"><a href="https://www.facebook.com/profile.php?id=61572698368565">Facebook</a></li>
<li style="font-weight: 400;"><a href="https://www.google.com/maps/place/Le+Refuge+du+Trappeur/@47.2987343,7.4499524,17z/data=!3m1!4b1!4m6!3m5!1s0x4791dd8f206be9c1:0xeee9dd8e7b9d6643!8m2!3d47.2987343!4d7.4525273!16s%2Fg%2F11lzxnsb1p?entry=ttu&amp;g_ep=EgoyMDI1MDMxNy4wIKXMDSoJLDEwMjExNDUzSAFQAw%3D%3D" target="_blank" rel="noopener">Google maps</a></li>
</ul>
