{"id":2230,"date":"2019-07-08T13:32:53","date_gmt":"2019-07-08T11:32:53","guid":{"rendered":"http:\/\/dev.raimeux.org\/?post_type=voisins&#038;p=2230"},"modified":"2019-07-25T11:14:10","modified_gmt":"2019-07-25T09:14:10","slug":"seilpark-balmberg","status":"publish","type":"voisins","link":"https:\/\/raimeux.org\/de\/voisins\/seilpark-balmberg\/","title":{"rendered":"Seilpark Balmberg"},"content":{"rendered":"\n<h2 class=\"wp-block-heading\">10 parcours avec diff\u00e9rents degr\u00e9s de difficult\u00e9s<\/h2>\n\n\n\n<p>Testez votre courage et votre agilit\u00e9 dans la nature. Pas besoin d&#8217;exp\u00e9rience pr\u00e9alable, vous recevrez votre \u00e9quipement personnel de s\u00e9curit\u00e9 ainsi que des instructions par notre personnel. M\u00eame les enfants \u00e0 partir de 4 ans peuvent participer gr\u00e2ce \u00e0 un syst\u00e8me sp\u00e9cial de s\u00e9curit\u00e9. L&#8217;agilit\u00e9, la concentration et intr\u00e9pidit\u00e9 sont encourag\u00e9s.<\/p>\n\n\n\n<p>Le parc aventure de Balmberg avec ses 186 plateformes est polyvalent, de grande dimension et vari\u00e9. 230 escaladeurs peuvent s&#8217;y trouver en m\u00eame temps.<\/p>\n\n\n\n<p>Les intr\u00e9pides escaladeront des hauteurs jusqu&#8217;\u00e0 20 m\u00e8tres, les amateurs de t\u00e9l\u00e9ph\u00e9rique se lanceront sur la tyrolienne d&#8217;une longueur de 174 m\u00e8tres.<br>A bient\u00f4t sur le Balmberg.<\/p>\n\n\n\n<h2 class=\"wp-block-heading\"><strong>A qui est destin\u00e9 le parc aventure de Balmberg?<\/strong><\/h2>\n\n\n\n<p>Jubil\u00e9s, excursions pour groupes, buts d&#8217;excursion, courses d&#8217;\u00e9cole, \u00e9v\u00e9nements d&#8217;\u00e9quipe, formations d&#8217;\u00e9quipe, formations d&#8217;\u00e9quipe pour entreprises, d\u00e9veloppement de l&#8217;esprit d&#8217;\u00e9quipe, team challenge outdoor, team parc aventure, parc acrobranche, escalade sur les arbres monkey, manifestations d&#8217;\u00e9quipes, aventure dans la for\u00eat pour les familles. parc deloisirs, excursions pour les courses d&#8217;\u00e9cole, id\u00e9es pour une rencontre familiale, manifestaions pour collaborateurs, activit\u00e9s en plein air, parcours d&#8217;escalade.<\/p>\n\n\n\n<p><a href=\"http:\/\/seilpark-balmberg.ch\/fr\" target=\"_blank\" rel=\"noreferrer noopener\">Visitez le site<\/a><\/p>\n\n\n\n<figure class=\"wp-block-image\"><a href=\"http:\/\/seilpark-balmberg.ch\/fr\" target=\"_blank\" rel=\"noreferrer noopener\"><img loading=\"lazy\" decoding=\"async\" width=\"300\" height=\"80\" data-src=\"https:\/\/raimeux.org\/wp-content\/uploads\/2018\/03\/seilpark-balmberg_logo-300x80.jpg\" alt=\"\" class=\"wp-image-1124 lazyload\" data-srcset=\"https:\/\/raimeux.org\/wp-content\/uploads\/2018\/03\/seilpark-balmberg_logo-300x80.jpg 300w, https:\/\/raimeux.org\/wp-content\/uploads\/2018\/03\/seilpark-balmberg_logo.jpg 600w\" data-sizes=\"auto, (max-width: 300px) 100vw, 300px\" src=\"data:image\/gif;base64,R0lGODlhAQABAAAAACH5BAEKAAEALAAAAAABAAEAAAICTAEAOw==\" style=\"--smush-placeholder-width: 300px; --smush-placeholder-aspect-ratio: 300\/80;\" \/><noscript><img loading=\"lazy\" decoding=\"async\" width=\"300\" height=\"80\" src=\"https:\/\/raimeux.org\/wp-content\/uploads\/2018\/03\/seilpark-balmberg_logo-300x80.jpg\" alt=\"\" class=\"wp-image-1124\" srcset=\"https:\/\/raimeux.org\/wp-content\/uploads\/2018\/03\/seilpark-balmberg_logo-300x80.jpg 300w, https:\/\/raimeux.org\/wp-content\/uploads\/2018\/03\/seilpark-balmberg_logo.jpg 600w\" sizes=\"auto, (max-width: 300px) 100vw, 300px\" \/><\/noscript><\/a><\/figure>\n","protected":false},"author":1,"featured_media":2232,"template":"","class_list":["post-2230","voisins","type-voisins","status-publish","has-post-thumbnail","hentry"],"acf":[],"_links":{"self":[{"href":"https:\/\/raimeux.org\/de\/wp-json\/wp\/v2\/voisins\/2230","targetHints":{"allow":["GET"]}}],"collection":[{"href":"https:\/\/raimeux.org\/de\/wp-json\/wp\/v2\/voisins"}],"about":[{"href":"https:\/\/raimeux.org\/de\/wp-json\/wp\/v2\/types\/voisins"}],"author":[{"embeddable":true,"href":"https:\/\/raimeux.org\/de\/wp-json\/wp\/v2\/users\/1"}],"version-history":[{"count":5,"href":"https:\/\/raimeux.org\/de\/wp-json\/wp\/v2\/voisins\/2230\/revisions"}],"predecessor-version":[{"id":2665,"href":"https:\/\/raimeux.org\/de\/wp-json\/wp\/v2\/voisins\/2230\/revisions\/2665"}],"wp:featuredmedia":[{"embeddable":true,"href":"https:\/\/raimeux.org\/de\/wp-json\/wp\/v2\/media\/2232"}],"wp:attachment":[{"href":"https:\/\/raimeux.org\/de\/wp-json\/wp\/v2\/media?parent=2230"}],"curies":[{"name":"wp","href":"https:\/\/api.w.org\/{rel}","templated":true}]}}

<h2 class="wp-block-heading">10 parcours avec différents degrés de difficultés</h2>



<p>Testez votre courage et votre agilité dans la nature. Pas besoin d&#8217;expérience préalable, vous recevrez votre équipement personnel de sécurité ainsi que des instructions par notre personnel. Même les enfants à partir de 4 ans peuvent participer grâce à un système spécial de sécurité. L&#8217;agilité, la concentration et intrépidité sont encouragés.</p>



<p>Le parc aventure de Balmberg avec ses 186 plateformes est polyvalent, de grande dimension et varié. 230 escaladeurs peuvent s&#8217;y trouver en même temps.</p>



<p>Les intrépides escaladeront des hauteurs jusqu&#8217;à 20 mètres, les amateurs de téléphérique se lanceront sur la tyrolienne d&#8217;une longueur de 174 mètres.<br>A bientôt sur le Balmberg.</p>



<h2 class="wp-block-heading"><strong>A qui est destiné le parc aventure de Balmberg?</strong></h2>



<p>Jubilés, excursions pour groupes, buts d&#8217;excursion, courses d&#8217;école, événements d&#8217;équipe, formations d&#8217;équipe, formations d&#8217;équipe pour entreprises, développement de l&#8217;esprit d&#8217;équipe, team challenge outdoor, team parc aventure, parc acrobranche, escalade sur les arbres monkey, manifestations d&#8217;équipes, aventure dans la forêt pour les familles. parc deloisirs, excursions pour les courses d&#8217;école, idées pour une rencontre familiale, manifestaions pour collaborateurs, activités en plein air, parcours d&#8217;escalade.</p>



<p><a href="http://seilpark-balmberg.ch/fr" target="_blank" rel="noreferrer noopener">Visitez le site</a></p>



<figure class="wp-block-image"><a href="http://seilpark-balmberg.ch/fr" target="_blank" rel="noreferrer noopener"><img loading="lazy" decoding="async" width="300" height="80" data-src="https://raimeux.org/wp-content/uploads/2018/03/seilpark-balmberg_logo-300x80.jpg" alt="" class="wp-image-1124 lazyload" data-srcset="https://raimeux.org/wp-content/uploads/2018/03/seilpark-balmberg_logo-300x80.jpg 300w, https://raimeux.org/wp-content/uploads/2018/03/seilpark-balmberg_logo.jpg 600w" data-sizes="auto, (max-width: 300px) 100vw, 300px" src="data:image/gif;base64,R0lGODlhAQABAAAAACH5BAEKAAEALAAAAAABAAEAAAICTAEAOw==" style="--smush-placeholder-width: 300px; --smush-placeholder-aspect-ratio: 300/80;" /><noscript><img loading="lazy" decoding="async" width="300" height="80" src="https://raimeux.org/wp-content/uploads/2018/03/seilpark-balmberg_logo-300x80.jpg" alt="" class="wp-image-1124" srcset="https://raimeux.org/wp-content/uploads/2018/03/seilpark-balmberg_logo-300x80.jpg 300w, https://raimeux.org/wp-content/uploads/2018/03/seilpark-balmberg_logo.jpg 600w" sizes="auto, (max-width: 300px) 100vw, 300px" /></noscript></a></figure>
