{"id":2239,"date":"2019-07-08T13:44:17","date_gmt":"2019-07-08T11:44:17","guid":{"rendered":"http:\/\/dev.raimeux.org\/?post_type=voisins&#038;p=2239"},"modified":"2019-07-19T13:57:10","modified_gmt":"2019-07-19T11:57:10","slug":"chateau-de-raymontpierre-raimeux","status":"publish","type":"voisins","link":"https:\/\/raimeux.org\/de\/voisins\/chateau-de-raymontpierre-raimeux\/","title":{"rendered":"Ch\u00e2teau de Raymontpierre @ Raimeux"},"content":{"rendered":"\n<p>Perch\u00e9 \u00e0 1000 m\u00e8tres sur les pentes du Raimeux , entour\u00e9 de for\u00eats, se cache le ch\u00e2teau de Raymontpierre.\nEn 1593, Georges Hugu\u00e9 d\u00e9cide, suite \u00e0 un h\u00e9ritage de son p\u00e8re, d\u2019entreprendre, avec le consentement de Christophe Blarer de Wartensee, prince-\u00e9v\u00eaque de Del\u00e9mont, la construction du Ch\u00e2teau de Raymontpierre.\n<\/p>\n\n\n\n<p>Le Ch\u00e2teau comprend un b\u00e2timent principal flanqu\u00e9 d\u2019une tour ronde, une chapelle avec fen\u00eatres post gothiques, o\u00f9 sont d\u00e9pos\u00e9es des reliques de St-Germain et St-Randoald, fondateurs de l\u2019abbaye de Moutier-Grandval, un mur d\u2019enceinte avec deux tourelles d\u2019angles reconstitu\u00e9es. L\u2019int\u00e9rieur du ch\u00e2teau a \u00e9t\u00e9 am\u00e9nag\u00e9 : on y trouve une magnifique cuisine vo\u00fbt\u00e9e, la salle des chevaliers avec sa chemin\u00e9e orn\u00e9e du Blason de Georges Hugu\u00e9 et de la famille de Staal.<\/p>\n\n\n\n<p>Les armoiries de la famille Hugu\u00e9 et celles de la famille de Staal, h\u00e9ritiers du ch\u00e2teau sont grav\u00e9es sur la fa\u00e7ade sud du ch\u00e2teau.<\/p>\n\n\n\n<p><a href=\"http:\/\/www.provalterbi.ch\/spip\/spip.php?rubrique48\" target=\"_blank\" rel=\"noreferrer noopener\">Plus d&#8217;infos sur Pro Val Terbi<\/a><\/p>\n","protected":false},"author":1,"featured_media":2241,"template":"","class_list":["post-2239","voisins","type-voisins","status-publish","has-post-thumbnail","hentry"],"acf":[],"_links":{"self":[{"href":"https:\/\/raimeux.org\/de\/wp-json\/wp\/v2\/voisins\/2239","targetHints":{"allow":["GET"]}}],"collection":[{"href":"https:\/\/raimeux.org\/de\/wp-json\/wp\/v2\/voisins"}],"about":[{"href":"https:\/\/raimeux.org\/de\/wp-json\/wp\/v2\/types\/voisins"}],"author":[{"embeddable":true,"href":"https:\/\/raimeux.org\/de\/wp-json\/wp\/v2\/users\/1"}],"version-history":[{"count":4,"href":"https:\/\/raimeux.org\/de\/wp-json\/wp\/v2\/voisins\/2239\/revisions"}],"predecessor-version":[{"id":2454,"href":"https:\/\/raimeux.org\/de\/wp-json\/wp\/v2\/voisins\/2239\/revisions\/2454"}],"wp:featuredmedia":[{"embeddable":true,"href":"https:\/\/raimeux.org\/de\/wp-json\/wp\/v2\/media\/2241"}],"wp:attachment":[{"href":"https:\/\/raimeux.org\/de\/wp-json\/wp\/v2\/media?parent=2239"}],"curies":[{"name":"wp","href":"https:\/\/api.w.org\/{rel}","templated":true}]}}

Château de Raymontpierre @ Raimeux

<p>Perché à 1000 mètres sur les pentes du Raimeux , entouré de forêts, se cache le château de Raymontpierre.
En 1593, Georges Hugué décide, suite à un héritage de son père, d’entreprendre, avec le consentement de Christophe Blarer de Wartensee, prince-évêque de Delémont, la construction du Château de Raymontpierre.
</p>



<p>Le Château comprend un bâtiment principal flanqué d’une tour ronde, une chapelle avec fenêtres post gothiques, où sont déposées des reliques de St-Germain et St-Randoald, fondateurs de l’abbaye de Moutier-Grandval, un mur d’enceinte avec deux tourelles d’angles reconstituées. L’intérieur du château a été aménagé : on y trouve une magnifique cuisine voûtée, la salle des chevaliers avec sa cheminée ornée du Blason de Georges Hugué et de la famille de Staal.</p>



<p>Les armoiries de la famille Hugué et celles de la famille de Staal, héritiers du château sont gravées sur la façade sud du château.</p>



<p><a href="http://www.provalterbi.ch/spip/spip.php?rubrique48" target="_blank" rel="noreferrer noopener">Plus d&#8217;infos sur Pro Val Terbi</a></p>
