{"id":2476,"date":"2019-07-24T14:44:43","date_gmt":"2019-07-24T12:44:43","guid":{"rendered":"http:\/\/dev.raimeux.org\/?post_type=voisins&#038;p=2476"},"modified":"2019-07-24T14:52:35","modified_gmt":"2019-07-24T12:52:35","slug":"naturpark-thal-balsthal","status":"publish","type":"voisins","link":"https:\/\/raimeux.org\/de\/voisins\/naturpark-thal-balsthal\/","title":{"rendered":"Naturpark Thal"},"content":{"rendered":"\n<p>La vall\u00e9e d&#8217;\u00e0 c\u00f4t\u00e9, c&#8217;est \u00abauf tutsch\u00bb et c&#8217;est le parc naturel (Naturpark Thal) du Canton de Soleure.<br><a href=\"https:\/\/www.naturparkthal.ch\">https:\/\/www.naturparkthal.ch<\/a><\/p>\n\n\n\n<p><\/p>\n","protected":false},"author":2,"featured_media":2477,"template":"","class_list":["post-2476","voisins","type-voisins","status-publish","has-post-thumbnail","hentry"],"acf":[],"_links":{"self":[{"href":"https:\/\/raimeux.org\/de\/wp-json\/wp\/v2\/voisins\/2476","targetHints":{"allow":["GET"]}}],"collection":[{"href":"https:\/\/raimeux.org\/de\/wp-json\/wp\/v2\/voisins"}],"about":[{"href":"https:\/\/raimeux.org\/de\/wp-json\/wp\/v2\/types\/voisins"}],"author":[{"embeddable":true,"href":"https:\/\/raimeux.org\/de\/wp-json\/wp\/v2\/users\/2"}],"version-history":[{"count":5,"href":"https:\/\/raimeux.org\/de\/wp-json\/wp\/v2\/voisins\/2476\/revisions"}],"predecessor-version":[{"id":2484,"href":"https:\/\/raimeux.org\/de\/wp-json\/wp\/v2\/voisins\/2476\/revisions\/2484"}],"wp:featuredmedia":[{"embeddable":true,"href":"https:\/\/raimeux.org\/de\/wp-json\/wp\/v2\/media\/2477"}],"wp:attachment":[{"href":"https:\/\/raimeux.org\/de\/wp-json\/wp\/v2\/media?parent=2476"}],"curies":[{"name":"wp","href":"https:\/\/api.w.org\/{rel}","templated":true}]}}

<p>La vallée d&#8217;à côté, c&#8217;est «auf tutsch» et c&#8217;est le parc naturel (Naturpark Thal) du Canton de Soleure.<br><a href="https://www.naturparkthal.ch">https://www.naturparkthal.ch</a></p>



<p></p>
